 16 - l = 2*m. What are the prime factors of x?
7
Suppose 4*f - 6*f = 2. List the prime factors of (-3)/(f/8*2).
2, 3
Suppose 0 = 87*p - 84*p - 30. What are the prime factors of p?
2, 5
Let c = 6 - -35. List the prime factors of c.
41
Let j = 506 - 325. List the prime factors of j.
181
Suppose -2*b - 1 = -3. Suppose 5*c + 18 = h, 0 = c - b. What are the prime factors of h?
23
Let u = 19 - 26. Let h(y) = y**3 + 7*y**2 - 4*y + 4. List the prime factors of h(u).
2
Suppose 127 = 4*s + b + 2*b, 3*b - 71 = -2*s. List the prime factors of s.
2, 7
Let x = 13 - 7. Let y = x + -6. Suppose y = -0*c + 2*c - 6. List the prime factors of c.
3
Let l(y) = -2*y**3 - 8*y**2 + y - 13. What are the prime factors of l(-7)?
2, 137
Suppose 4*n - 3 = 25. Let q = -4 + n. What are the prime factors of q?
3
Let w(o) = -o**2 + 6*o - 3. Let k(v) = 5*v**2 - 25*v + 12. Let s(g) = 2*k(g) + 9*w(g). Let l be s(-4). Let d = 5 + l. What are the prime factors of d?
2
Let i(t) = t - 3. Let j be i(7). Let c(s) = -s**3 + 7*s**2 - 2*s - 5. What are the prime factors of c(j)?
5, 7
Suppose -7*r = -3*r - 200. List the prime factors of r.
2, 5
Suppose 25 - 7 = -4*y + k, -4*y + 4*k - 24 = 0. Let f = y + 6. Suppose -f*s = -3*s + 7. What are the prime factors of s?
7
Suppose 2*l = -3*a + 124, 2*l + 110 + 60 = 4*a. What are the prime factors of a?
2, 3, 7
Let r = -31 + 74. What are the prime factors of r?
43
Let o be 120*(3 - (-10)/(-4)). Let v = o - 31. What are the prime factors of v?
29
Let y(w) = -9*w - 31. What are the prime factors of y(-11)?
2, 17
Let c(q) = q**3 - 6*q**2 + 8*q - 24. List the prime factors of c(8).
2, 3, 7
Let u(d) = -d**2 - 9*d + 4. Suppose 2*g = 4*w - 10, -3*w = -2*w - 5*g - 25. Let r(k) = k**3 + k**2 + k - 7. Let i be r(w). List the prime factors of u(i).
2, 3
Let v = 127 + -39. What are the prime factors of v?
2, 11
Let u be (6/(-6))/((-1)/5). Suppose 0 = 3*j - 4*j + u. List the prime factors of j.
5
Let c(t) = 3*t - 2. Let p be c(2). Suppose 7 = j + p*o, -j - 3 = -3*j + 3*o. Suppose l - v - 7 = 0, -2*l + 15 = l + j*v. What are the prime factors of l?
2, 3
Let t = 50 + -11. Suppose -2*j + 9 = -2*l - 19, 4*j - 58 = 5*l. What are the prime factors of 8/j*t/2?
13
What are the prime factors of 1/4 - 1380/(-48)?
29
Suppose w = -3*q - 2*w - 21, -q - 2*w - 2 = 0. What are the prime factors of q/(-2)*1/2?
3
Suppose -z - 9 = -5*j, 0*z - 3*z = 5*j - 33. Let v(h) be the first derivative of h**4/4 - 7*h**3/3 + 4*h**2 - 8*h - 52. What are the prime factors of v(z)?
2
Let f be -1 - -1*81/3. Let n = f - 15. What are the prime factors of n?
11
Let s be (-2)/(4*2/20). Let a = -10 - -8. Let k = a - s. What are the prime factors of k?
3
Suppose -2*h + 4*x - 16 = 0, -4*x + 5 - 39 = 3*h. Let c be h/15 - 74/(-3). What are the prime factors of (-3)/((-2)/(c/9))?
2
Let f(o) = 26*o**2 + 14*o**2 + o + 11*o**2. Let h be f(-1). Suppose -5*v + 0*l = -2*l - h, 0 = 2*v + 3*l - 39. What are the prime factors of v?
2, 3
Let l = -7 - -31. Let s be (l/(-9))/(-4)*24. Suppose -5*n - s = b - 63, -5*b = 2*n - 5. List the prime factors of n.
2, 5
Let u = 68 - 12. What are the prime factors of u?
2, 7
Let i(p) be the third derivative of -p**5/60 - 5*p**4/24 + p**3/3 - 3*p**2. Let m be i(-5). List the prime factors of (-12)/16*(-10 - m).
3
Let f(t) = 3*t**3 + t**2 - 2*t - 2. Let i be f(-2). Let b = i + 29. List the prime factors of b.
11
List the prime factors of 140/3 + ((-4)/12)/(-1).
47
Let x(l) = -l**2 - 7*l + 16. Let p(b) = 1. Let a(o) = -6*p(o) + x(o). Let j be a(-8). Suppose -j*c + 6 = c. What are the prime factors of c?
2
Suppose -4*q = -0*q. Let z = 6 - q. What are the prime factors of 27*(2 - 10/z)?
3
Let p be 3/(3/3) + -3. Suppose 6*k = k + 5*h, -4*h + 12 = p. What are the prime factors of k?
3
Let x = 48 - 16. List the prime factors of x.
2
Let h = 36 - 6. What are the prime factors of h?
2, 3, 5
Let k = 25 - 21. Suppose -k*f + 90 = -46. What are the prime factors of f?
2, 17
Let h = 58 + -46. What are the prime factors of h?
2, 3
Suppose 3 + 1 = 2*c. Suppose -c*n = -7*n + 10. What are the prime factors of (-5 + n)*4/(-6)?
2
Suppose 2*g = 53 - 15. What are the prime factors of (3 + g)/(1 + 1)?
11
Let a(t) = t**2 + 4*t - 1. Let x be (5/2)/(2/(-4)). Let i be a(x). Suppose -13 = -5*z + 3*k, i*z = -0*z + k + 16. List the prime factors of z.
5
Suppose -a + 4 = -6. Suppose 0 = 6*p - p - a. Suppose 20 = p*q - 0. List the prime factors of q.
2, 5
Suppose 0 = -5*t - 115 - 95. Let j be (-2)/(-8) - t/24. What are the prime factors of (-1)/2 - (-25)/j?
2, 3
What are the prime factors of (-182)/5*4/(-8)*5?
7, 13
Let w be 4/(-10) - (-88)/20. Let s(n) = -n**2 + 3 - 3*n**2 + 5*n**2 - 3*n. What are the prime factors of s(w)?
7
Suppose -2*j + 17 = c + 2*c, c = 5*j - 17. Suppose 0*b = 2*m + 5*b + 1, -58 = -j*m + 2*b. Suppose m = 3*d - 0*d. List the prime factors of d.
2
Let z(v) = 2*v**2 - 4*v - 7. What are the prime factors of z(7)?
3, 7
Let l(f) = f**3 + 9*f**2 + f - 17. Let d be l(-8). Let i = d - 2. What are the prime factors of i?
37
Let v = -2 + 2. Let b be -8 - (v + -3 + 1). Let u = 3 - b. List the prime factors of u.
3
Suppose -3*y + 6 = -0. Suppose 4*l + 9 + 10 = 5*w, -y*l + 4 = 2*w. What are the prime factors of w?
3
List the prime factors of 8/(-48) + 590/12.
7
Suppose -43 = 3*h + 23. Let d = h - -48. Let x = -12 + d. List the prime factors of x.
2, 7
Let n(j) = 12*j**2 + 15*j + 5 - 13*j**2 - 1. List the prime factors of n(12).
2, 5
Suppose -b + 2*b = 2*k + 32, -153 = -5*b + 3*k. List the prime factors of b.
2, 3, 5
Let f(o) = -7*o**2 - 8*o - 2. Let i(x) = x**2 + x. Let u(b) = -f(b) - 5*i(b). Let d be u(-2). Suppose -40 = -j - d*j. List the prime factors of j.
2
List the prime factors of (104 + (-1)/1)/(-8 - -9).
103
Let v(b) = -2*b + 3. Let s be (2 - (-12)/(-9))*-9. What are the prime factors of v(s)?
3, 5
Let h(w) = -29*w - 2. What are the prime factors of h(-1)?
3
Let i = -9 - -7. Let q = 5 + i. List the prime factors of q.
3
Let u(q) = 4*q**2 + 10*q + 3. Let r be u(-6). Let d = r - 39. What are the prime factors of d?
2, 3
Let n = 217 - 64. What are the prime factors of n?
3, 17
List the prime factors of ((-87)/6)/((-1)/2).
29
Let f = -125 - -225. List the prime factors of f.
2, 5
Suppose -4*o + 583 = 3*v, -4*o - 349 = -5*v - 892. What are the prime factors of o?
2, 71
Let v = -19 - -27. Let i(w) = -w + 18. Let a be i(0). Suppose -t + a = v. List the prime factors of t.
2, 5
Let d(m) = -m + 10. List the prime factors of d(7).
3
Suppose -2*w + 2 = -2. Suppose -m + n = 14, 0 = -3*m - 4*n - 12 - w. What are the prime factors of (0 + 1)*(-1 - m)?
3
Let s(q) = 9*q - 4. Let p be s(4). Let h = 48 - p. List the prime factors of h.
2
Let t = 3 + 1. Suppose -i = -0*g - 4*g - 23, -80 = -4*i + t*g. What are the prime factors of i?
19
Suppose -8 = 3*f - 26. What are the prime factors of f?
2, 3
Let p = -131 - -219. Suppose 3*t + p = 7*t. Let d = t - 10. What are the prime factors of d?
2, 3
Suppose -4*n - 2*q = -86, 2*n + q - 55 = -4*q. What are the prime factors of n?
2, 5
Suppose z - 42 = -3*w, -5*w + 81 = 2*z - 0*w. List the prime factors of z.
3, 11
Let o(i) = i**3 + 6*i**2 + 3*i + 1. Suppose -2*z + 4 - 10 = 0. What are the prime factors of o(z)?
19
Let w be (-2)/(-8) + (-25)/20. Let z be 19 - (2 - (-1 - w)). Let a = z - 12. What are the prime factors of a?
5
Let j(k) = -3*k - 4. Let n = -13 - -22. Let v = 4 - n. What are the prime factors of j(v)?
11
Let y = 6 - 10. Let d(v) = 2*v**2 + 4*v - 4. What are the prime factors of d(y)?
2, 3
What are the prime factors of (-2)/(-10) - 2327/(-65)?
2, 3
Let f = 69 - 41. Let m = -13 + f. List the prime factors of m.
3, 5
Suppose d + 60 = 4*d. What are the prime factors of (28 - 2) + d/(-5)?
2, 11
Suppose 8*f - 20 = 3*f. Suppose 2*g = -f*x + 84, 0 = -4*g - 5 - 11. Suppose -3*k - 3*z = -5*k + x, -2*z - 10 = 0. List the prime factors of k.
2
Suppose -2*r = -4*c + 36, -2 = r + 2*c + 4. Let n = 1 - r. List the prime factors of n.
13
Let i be 3/(-3) - -1 - -5. Let v = i + -3. Let f(j) = j**2 + j - 2. List the prime factors of f(v).
2
Let s = -113 - -144. List the prime factors of s.
31
Let f(s) = 2*s**2 + 9*s - 34. What are the prime factors of f(-15)?
281
Let x be (-12)/(-42) - (-18)/(-14). What are the prime factors of (x - 2)*(-150)/9?
2, 5
Suppose z - 30 = -2*y -